2 + 7*w**2 - 4*w**2. Let s(u) = 7*u**2 + 4*u + 2. Let n(q) = -s(q) - 6*z(q). What is n(m)?
2
Let f(x) = 9*x**3 + 5*x**2 + 9*x + 34. Let a(l) = l**3 + l**2 + l + 3. Let v(i) = 10*a(i) - f(i). Determine v(-3).
11
Let f(q) = 3*q - 16. Let a(y) = -11*y + 52. Let t(z) = -a(z) - 4*f(z). Calculate t(16).
-4
Let z(k) = -2*k**2 - 8*k - 5. Let u be (-6)/(-24)*2*-2*1. Let v be ((-6)/18)/(u/(-30)*2). Give z(v).
-15
Let y(r) be the second derivative of -r**5/20 - r**4/6 + 121*r**3/6 + 15*r**2/2 + 2*r + 494. Determine y(-12).
3
Let h(k) = 37 + 37 + 1022*k + 15 + 10 - 1039*k. Calculate h(6).
-3
Let h be ((-8)/(-3))/(0 + (-4)/108). Let m = -53 - h. Let l = -13 + m. Let u(o) = o**2 - 6*o - 1. Give u(l).
-1
Suppose -10*f - 23*f + 2*f - 620 = 0. Let k(g) = -g - 60. Calculate k(f).
-40
Let h(s) = s**3 + 14*s**2 + 15*s + 37. Let m = -19423 + 19410. Determine h(m).
11
Let b(o) = -2*o**2 + 6*o + 11. Let d be b(4). Let p(f) = 264*f**2 - d*f**3 + 4*f**3 - 3 - 270*f**2. Let q(z) = z + 6. Let l be q(0). Calculate p(l).
-3
Let v(l) = -l**3 + 106*l**2 + 3 + 2*l**3 - 109*l**2. Let p(g) = -g**2 + 20*g - 51. Let t be p(18). Let r = t - -18. Give v(r).
3
Let r be (-10)/(-85) - (-2961)/119. Let n be r/9 + (-6)/(-27). Let y(o) = o**3 - 2*o**2 - 4*o + 3. Determine y(n).
0
Let w(a) = -a**3 + 6*a**2 + 4*a + 7. Let y be (-3756)/(-540) + (-30)/(-675). What is w(y)?
-14
Let z(x) = x - 6. Suppose 3 = -74*m + 75*m. Suppose -4*g + 533 = 5*u, -2*u + 0*g + 204 = -m*g. Let c = u - 99. Calculate z(c).
0
Let w(r) = -r**2 - 6*r + 8. Let z(g) = -21*g - 37. Let k be z(-2). Suppose 126 = -23*d + k*d. What is w(d)?
1
Let t(s) be the second derivative of 5*s**3/6 - 53*s**2/2 + 5*s + 453. What is t(12)?
7
Let i(y) = -6*y. Let q be i(-1). Let t = q - 5. Let a(d) = -15*d**2 - 13*d + 30. Let p(f) = 19*f**2 + 15*f - 35. Let u(r) = 7*a(r) + 6*p(r). What is u(t)?
8
Let b(h) = -11*h + 22. Let z be (0 - 0)/(5/(-25) + 14/(-5)). Determine b(z).
22
Let z(w) = -w**3 + 8*w**2 + w - 10. Let r be (-1)/(((-3)/75)/((-4)/(-10))). Suppose 137 = r*n + 57. Calculate z(n).
-2
Let j(b) = b**3 - b - 11. Let v(t) = -5*t**3 + 5*t + 57. Let k(x) = 11*j(x) + 2*v(x). Suppose u = 2*a + 6, 5*u = 10*a - 13*a - 9. Calculate k(u).
-7
Let a(h) be the first derivative of 60*h**2 - 92 - 156*h**2 + 3*h + 94*h**2. Give a(2).
-5
Let z(c) = 3*c - 5. Let v(f) = 2*f - 2. Let s(x) = 5*v(x) - 2*z(x). Let w = 29 - 28. Suppose -2*q + 3*q - w = 0. What is s(q)?
4
Let v(a) = 108*a + 752. Let i be v(-7). Let g(p) = -3*p**2 - 12*p - 9. Give g(i).
-9
Let g(f) = 6*f - f + 2 + 310826*f**2 - 310830*f**2 + f**3. Let n be (-3 + -1)*-2 + (-9 - -5). Give g(n).
22
Suppose 6*y + 28 = 10*y. Suppose -93 = -y*j + 12. Let w be 6 + (32/(-20) - 6/j). Let t(a) = a**3 - 5*a**2 + 4*a + 1. Determine t(w).
1
Let a be (-2 + 0)*(-37)/1. Let g be a/10 + ((-324)/45)/(-12). Let p(t) be the second derivative of -t**5/20 + 7*t**4/12 + 4*t**3/3 + 7*t**2/2 - 12*t. Give p(g).
7
Let v(d) = -2*d**2 + 126*d + 391. Let h be v(66). Let l(i) = i**3 + 5*i**2 - 3*i - 7. Give l(h).
8
Suppose -5 = 2*j - 3*w - 26, 4*j - 39 = 5*w. Let b(z) = 4 + 1 - j. Let h(o) = o - 4. Let a(t) = -b(t) + h(t). What is a(0)?
-3
Let f(x) = -x + 4. Let a be ((-1)/(2/(-12)))/2. Suppose b - 3 = a*n + 8, 5*b = -5. What is f(n)?
8
Suppose 2*r = 6*r + 20, -5*y + r = -15. Let w(b) = 5*b - b**3 + 6 - 1 + 4*b**y - 11. Give w(5).
-6
Let w(c) = -2*c**2 - 3*c + 3. Let j = 0 + -30. Suppose -4*t = 4, -i - 24 - 5 = 2*t. Let v = j - i. Calculate w(v).
-6
Let r(n) be the first derivative of n**3/3 + 8*n**2 + 7*n + 1493. Give r(-15).
-8
Let f(h) = h**3 + 7*h**2 + 6*h + 1. Suppose 3*i - 2*y - 62 = -7*y, -5*i - y = -118. Suppose 0*k + 2*k = -2*v + i, -v + 5*k - 6 = 0. Let a = 3 - v. Give f(a).
1
Let c(y) = -y**3 + 4*y**2 + 16*y - 23. Let t be c(6). Let o(v) = 18*v - 1. What is o(t)?
17
Let l(y) = 5*y**3 + 13 + 0*y**3 - 4*y**3 - y - 8 + 6*y**2. Suppose 0 = -9*b + 23 + 58. Suppose 4*z - 3 = -2*p - z, 5*z = -4*p - b. Give l(p).
11
Let b = -7 - 0. Let y(t) = 117*t - 24*t - 32*t - t**3 - 7*t**2 - 29*t - 33*t. Give y(b).
7
Let j be ((-6)/(-5) - 0)*-5. Let g be 17*((-2)/(-8)*12 - 2). Let s(h) = 0*h - h + 6 + 10 + 0*h - g. What is s(j)?
5
Let o = 758 + -755. Let l(y) = -11*y + 3. Let q(a) be the third derivative of 17*a**4/24 - 2*a**3/3 + 5*a**2. Let p(b) = -7*l(b) - 5*q(b). Calculate p(o).
-25
Let p(w) = 147*w**2 - 142*w**2 - 31*w + 1 + 7*w. Give p(5).
6
Let r(a) = 147*a - 594*a + 152*a + 142*a + 20 + 149*a. Calculate r(8).
-12
Suppose l = -l + 30. Suppose -5*k + l - 5 = 0. Let f(s) be the second derivative of s**4/12 - s**3/3 + s**2 - 431*s. Determine f(k).
2
Suppose -c + 165 = 5*r, 2*r - c - 55 = 4. Let n(x) = -2*x + 33. Determine n(r).
-31
Let i(s) be the first derivative of s**4/4 + 2*s**3 + s**2/2 + 4*s + 494. Let q be (-1)/4 - (-77)/(-28). Let t = -3 + q. What is i(t)?
-2
Let k(v) be the second derivative of v**5/60 - v**4/3 + 13*v**3/6 - 125*v**2/2 + 4*v. Let i(y) be the first derivative of k(y). What is i(7)?
6
Suppose -219*q + 222*q - 18 = 0. Suppose -q*m - 3 = 3. Let t(c) = 8*c**2. Determine t(m).
8
Let w(c) = -c**2 - 41*c + 84. Let g = 5884 + -5927. Calculate w(g).
-2
Let u be 0*1/2*((26 - 15) + -12). Let g(f) be the first derivative of -2*f - 1/2*f**2 + 2. Calculate g(u).
-2
Let r = -3 + -4. Let h(p) be the third derivative of -3/8*p**4 + 2*p**2 - 1/60*p**5 - 4/3*p**3 + 0*p - 2. What is h(r)?
6
Let s be (4 - -1)*3/((-12)/(-28)). Let j(y) = s + 3*y - 32 + 39*y**2 - 40*y**2. Determine j(-1).
-1
Let f = 5896 - 5898. Let k(t) = -17*t + 2. Let u(w) = 6*w - 1. Let v(q) = 3*k(q) + 8*u(q). What is v(f)?
4
Let h(j) be the first derivative of -j**3/6 + 7*j**2/2 + 45*j + 99. Let y(d) be the first derivative of h(d). Calculate y(6).
1
Suppose 8*y = -3*y - 77. Let c(b) = b**3 + 4*b**2 - 21*b + 2. Let l be c(y). Let x(t) = -t**2 + 2*t - 2. Calculate x(l).
-2
Let p be ((-4)/2)/(3/(12/(-8))). Let i(a) be the second derivative of -10*a**3/3 - a**2/2 + 74*a + 1. Determine i(p).
-21
Let n(l) = l**3 - l**2 + 3*l - 2. Let o be n(-2). Let g be (-3)/(-3 - 48/o). Let k(p) = p**2 - p - 7. Give k(g).
13
Let u(h) = -h**2 - 3*h + 6. Suppose -b = -5*z + 14, -z + 4*z + b = 2. Suppose z*j = -4*j + 48. Suppose 6*l + j = -22. Determine u(l).
-4
Let p(i) be the third derivative of -5*i**4/24 - 24*i**3 - 3585*i**2. Calculate p(-34).
26
Let s(w) = -4*w**2 + 12*w - 156. Let q(k) = -2*k**2 + 4*k - 67. Let p(m) = 16*q(m) - 7*s(m). Give p(-6).
-4
Let g(y) = 6*y + 1. Suppose 44 = 2*z - 4*k, z + 5*k + 31 = 2*z. Suppose 3*f + 28 - z = 0. Determine g(f).
-23
Suppose 2*j + 25 - 3 = 0. Let r = 7 + j. Let i(y) = y**3 + 3*y**2 + 3*y + 15. Let z be i(r). Let v(b) = b**3 + 14*b**2 + 13*b - 3. Calculate v(z).
-3
Let u(t) = -131*t - t**2 - 2 + 133*t + 1. Suppose -5*x - x - 150 = 0. Let q be (x/50)/(2/(-4)). What is u(q)?
0
Suppose 0 = 19*z + 9*z - 17*z + 55. Let v(p) = -p**3 - 8*p**2 - 17*p - 27. Give v(z).
-17
Let q(a) = -3*a**3 - 4*a**2 - a - 4. Let r(k) = -k**3 + 2*k**2 - 4*k - 3. Let g be r(0). Determine q(g).
44
Let i(s) = 49*s - 7. Let p be (-30)/(0 - -6)*16/(-80). Calculate i(p).
42
Let a(v) = v**3 + 7*v**2 - 4*v + 11. Let i(z) = z - 15. Let w(b) = -6*b + 1. Let m be w(-1). Let h be i(m). Calculate a(h).
-21
Let d(p) = p**2 + 13*p + 5. Suppose 23*w = -1847 + 1594. Calculate d(w).
-17
Let u(v) = -4*v + 210. Let m(z) = -2*z - 7. Let j(i) = -2*m(i) - u(i). Give j(25).
4
Let t(f) = f**2 + 10*f + 25. Let j be t(-5). Let x = 8 + 1. Let l(c) = -34*c + 18*c + 15*c + x. Calculate l(j).
9
Let a(n) = 166 + 2*n - 3*n - 158. Let z(x) = -x**2 - 12*x - 3. Let s be z(-5). Suppose 4*h = -0*h + s. What is a(h)?
0
Suppose -3*b + n + 2 = -34, 2*n = -2*b + 24. Suppose 0 = b*m + 60 - 108. Let u(y) = y**3 - 5*y**2 + 6*y - 4. Determine u(m).
4
Let w(g) = 12*g**3 + 4*g**2 - 2*g - 8. Let n be w(4). Let b be n/20 + (-5)/(-25). Let j = 47 - b. Let t(h) = -h**2 + 6*h + 1. Determine t(j).
1
Suppose 13*g - 51*g + 1367 - 417 = 0. Let k(y) be the first derivative of y**4/4 - 26*y**3/3 + 13*y**2 - 22*y + 25. Give k(g).
3
Let w be (591/(-1576) - (-6)/16)/(-1). Let s(d) be the third derivative of w + 1/6*d**3 + 42*d**2 + 1/24*d**4 - 1/30*d**5 + 0*d. What is s(2)?
-5
Suppose -b - 1 = 0, 3*h + 6*b = 7*b + 16. Let a(i) = i**3 - 3*i**2 - 6*i - 18. What is a(h)?
2
Let b be (-2*1 + 0)*(-8523)/(-1894). L